+ -110001?
-101101
In base 7, what is 2 + -441?
-436
In base 7, what is 1 + -150?
-146
In base 15, what is 3 - -20e?
212
In base 14, what is 3 - -62a?
62d
In base 2, what is 1101101100 + -11?
1101101001
In base 5, what is -31 + 202?
121
In base 12, what is -1 + -10?
-11
In base 6, what is 144443 - -1?
144444
In base 2, what is 1111101001011 + 1?
1111101001100
In base 6, what is -140 - 5?
-145
In base 15, what is 5 + -1083?
-107d
In base 9, what is -3752 - 1?
-3753
In base 10, what is -7 + 32?
25
In base 16, what is -3 + 96?
93
In base 12, what is 3 + -b8?
-b5
In base 5, what is 1410 + -4?
1401
In base 16, what is 6e - -1b?
89
In base 2, what is -110000011 + 111101?
-101000110
In base 4, what is -1 - 1231201?
-1231202
In base 7, what is -250 + 120?
-130
In base 13, what is 1 - 83?
-82
In base 5, what is 1 - 100?
-44
In base 15, what is -3b - -13?
-28
In base 11, what is -3 + -a2?
-a5
In base 4, what is -20110 + -23?
-20133
In base 13, what is -46c + -2a?
-499
In base 2, what is 10000 - 10?
1110
In base 2, what is -111 + -10110?
-11101
In base 14, what is 3 - 631?
-62c
In base 14, what is 5 + -1a97?
-1a92
In base 9, what is -4865 + -4?
-4870
In base 15, what is -3 - -44?
41
In base 4, what is 121 - -22?
203
In base 9, what is 0 - -148?
148
In base 11, what is -3 - 26a6?
-26a9
In base 12, what is -67 - 4?
-6b
In base 10, what is 407 + -8?
399
In base 14, what is 7 - 350?
-347
In base 13, what is 1c - c1?
-a2
In base 16, what is 76 - -20?
96
In base 7, what is 215 + 1?
216
In base 7, what is -10 - 161?
-201
In base 9, what is 8444 - -3?
8447
In base 10, what is 58 + -2?
56
In base 11, what is -3a + 84?
45
In base 5, what is 13410 - -10?
13420
In base 15, what is 12 - -1?
13
In base 13, what is 2 - -2a3?
2a5
In base 7, what is 2244 + 2?
2246
In base 2, what is -100000110 - 111000?
-100111110
In base 15, what is -14 - -2c?
18
In base 5, what is -34 - 24?
-113
In base 7, what is 144 + -240?
-63
In base 8, what is -66 - 25?
-113
In base 6, what is 321304 - -1?
321305
In base 3, what is -11 + 10221?
10210
In base 6, what is -13 + -105?
-122
In base 2, what is -10100110 + 101?
-10100001
In base 5, what is -3 + -331?
-334
In base 3, what is -22 + 110220?
110121
In base 3, what is 11 - -12010?
12021
In base 9, what is 521 + 4?
525
In base 7, what is -65255 + -4?
-65262
In base 16, what is -3 + -66?
-69
In base 15, what is 518 + -b?
50c
In base 11, what is -3 + -41?
-44
In base 13, what is 6a9 + 1?
6aa
In base 14, what is -4c2 + 3?
-4bd
In base 16, what is -2 - 1?
-3
In base 9, what is -2682 + 2?
-2680
In base 4, what is -20103 - 0?
-20103
In base 3, what is 21 - 10?
11
In base 15, what is 2789 - -2?
278b
In base 14, what is b - -1115?
1122
In base 16, what is -2 - b10?
-b12
In base 16, what is 1 - -4b?
4c
In base 13, what is -30a1 - 4?
-30a5
In base 13, what is 5 - -3ac?
3b4
In base 3, what is -10 + -1210?
-1220
In base 15, what is 4 + 9b?
a0
In base 7, what is 0 + 3?
3
In base 16, what is 4 + -e?
-a
In base 7, what is -1446 - -1?
-1445
In base 2, what is 101000000 - -10?
101000010
In base 7, what is -16 - -1300?
1251
In base 12, what is 70a - 2?
708
In base 8, what is 2 - 172?
-170
In base 8, what is 66 - -3?
71
In base 15, what is -19 - 1d?
-37
In base 3, what is -21 - 2022?
-2120
In base 14, what is 1 + -92?
-91
In base 14, what is 12 - 3b?
-29
In base 16, what is 3 - 62?
-5f
In base 6, what is 30 - 101?
-31
In base 6, what is -324 - -13?
-311
In base 3, what is -122 - -20?
-102
In base 7, what is 1 - -46?
50
In base 12, what is 2 + 12?
14
In base 9, what is -1220 - 4?
-1224
In base 9, what is 72 - -35?
117
In base 7, what is -302 + -23?
-325
In base 14, what is 5 - -552?
557
In base 8, what is 466 - -16?
504
In base 11, what is 12 - -49?
60
In base 2, what is 11 - -111000?
111011
In base 7, what is -1 - -15?
14
In base 7, what is 122 - 66?
23
In base 9, what is 1276 - -2?
1278
In base 12, what is -187 + 5?
-182
In base 7, what is 2 - 40?
-35
In base 9, what is -1 + -230?
-231
In base 13, what is -4 - b35?
-b39
In base 8, what is 44 - 270?
-224
In base 5, what is 2 + -102?
-100
In base 12, what is 1 - 10a?
-109
In base 6, what is 1425 + 4?
1433
In base 3, what is 0 - -122?
122
In base 6, what is 3300 + -5?
3251
In base 16, what is 1 + 23?
24
In base 6, what is 133 + 55?
232
In base 12, what is 9 - 4?
5
In base 9, what is -156 - 3?
-160
In base 4, what is -1 + 112?
111
In base 11, what is 54 - -107?
160
In base 10, what is -2 - 685?
-687
In base 13, what is 5 - 9c?
-97
In base 10, what is 18 + 86?
104
In base 9, what is 0 + -43?
-43
In base 3, what is 1 + -221201?
-221200
In base 8, what is 10 + 16?
26
In base 2, what is 1000 + 1011?
10011
In base 12, what is 602 + 3?
605
In base 16, what is 29b - 1?
29a
In base 13, what is 0 - -36?
36
In base 6, what is 232 - 4?
224
In base 10, what is -4 - 1535?
-1539
In base 13, what is -10 - 452?
-462
In base 15, what is -4 + 21e?
21a
In base 11, what is 238 - 1?
237
In base 14, what is 1 - 33?
-32
In base 7, what is -5 + 13?
5
In base 13, what is -2b2 - -4?
-2ab
In base 11, what is -8a70 + 4?
-8a67
In base 14, what is 7 + -9d?
-96
In base 10, what is -5 - 190?
-195
In base 13, what is 63 - 4?
5c
In base 5, what is -31340 - -1?
-31334
In base 5, what is 1011 + -3?
1003
In base 12, what is 21 + 102?
123
In base 7, what is 21036 - 5?
21031
In base 4, what is 1102 + 10?
1112
In base 8, what is 2 + -2112?
-2110
In base 14, what is 95 - -c?
a3
In base 8, what is -4 + -257?
-263
In base 11, what is 129 + -2?
127
In base 6, what is -255 - 1?
-300
In base 12, what is -9 - -11?
4
In base 13, what is 15b - 6?
155
In base 16, what is -2b - 0?
-2b
In base 7, what is 3 - 34?
-31
In base 2, what is 110011 + 100?
110111
In base 5, what is 1124 + -3?
1121
In base 3, what is -10 + -120211?
-120221
In base 11, what is -8 + 236?
229
In base 14, what is -5 - -22d?
228
In base 14, what is -12 + 12?
0
In base 7, what is 1035 + -2?
1033
In base 16, what is 9 - -db?
e4
In base 10, what is 0 - 236?
-236
In base 8, what is 4 - 27?
-23
In base 16, what is 1 - -7b?
7c
In base 8, what is 3 - -13?
16
In base 5, what is 11 + -42224?
-42213
In base 6, what is 4 - 205?
-201
In base 4, what is 1 - 103320?
-103313
In base 3, what is -1201011112 + 2?
-1201011110
In base 12, what is -1 - 43?
-44
In base 13, what is 1 + -b?
-a
In base 4, what is 0 - 22113?
-22113
In base 8, what is 4 + -3331?
-3325
In base 3, what is -12001002 - 12?
-12001021
In base 4, what is -11113 - -2?
-11111
In base 11, what is -30 + -26?
-56
In base 13, what is -2298 - -2?
-2296
In base 10, what is 367 - 5?
362
In base 15, what is -52 - 30?
-82
In base 7, what is -6 - 66?
-105
In base 3, what is -10122 + 102?
-10020
In base 13, what is -621 - 4?
-625
In base 13, what is -5 - 212?
-217
In base 14, what is -1 + 16?
15
In base 12, what is -12 + -96?
-a8
In base 7, what is 10 + -16?
-6
In base 9, what is -4 - -35?
31
In base 9, what is -1 + -253?
-254
In base 12, what is 6a - 6?
64
In base 3, what is -1010100 - -102?
-1002221
In base 2, what is 101 - -10111?
11100
In base 13, what is 975 - -6?
97b
In base 14, what is 878 - 1?
877
In base 5, what is -2 + 214?
212
In base 16, what is -5 - 550?
-555
In base 3, what is -200211 + 10?
-200201
In base 13, what is 54 - 1?
53
In base 11, what is -24 - -307?
293
In base 11, what is -1 - -51?
50
In base 7, what is 50 - 10?
40
In base 12, what is 17 + -2?
15
In base 8, what is 315 - -3?
320
In base 7, what is -31 - -53?
22
In base 11, what is -3 + 260?
258
In base 5, what is 1000123 - 10?
1000113
In base 10, what is -216 - -5?
-211
In base 13, what is 9 + 7a?
86
In base 14, what is -3 + 3c?
39
In base 8, what is -34 - -24?
-10
In base 14, what is 1156 - 1?
1155
In base 7, what is -10244 + -1?
-10245
In base 6, what is -5 + -253?
-302
In base 15, what is -2 + -10?
-12
In base 13, what is -1a9 + -9?
-1b5
In base 6, what is -1 - -1115?
1114
In base 8, what is 2 + 4435?
4437
In base 4, what is -2 + -1202223?
-1202231
In base 2, what is 1 - -1111110?
1111111
In base 2, what is 11010 - 11?
10111
In base 2, what is -10 + -11011111?
-11100001
In base 8, what is 2203 + -1?
2202
In base 15, what is -1 - -89?
88
In base 14, what is -1447 + -2?
-1449
In base 7, what is -2466 - 3?
-2502
In base 3, what is -10122120022 + 0?
-10122120022
In base 12, what 